0 is divided by m.
14
Let r(z) = 5*z. Let k be r(-3). Let i = 167 - 163. Let q = i - k. Calculate the remainder when q is divided by 7.
5
Let m = -193 + 233. Calculate the remainder when m is divided by 20.
0
Let b be 3 - (15/5 - 7). Suppose 195 = -2*f + b*f. What is the remainder when f is divided by 8?
7
Let t be (-42)/14 + 9/1. Let f be 6/4*t/(-1). Let n = 25 + f. Calculate the remainder when 46 is divided by n.
14
Let q be (6/(-5))/(1/5). Let k = q - -19. Let a = -471 + 475. Calculate the remainder when k is divided by a.
1
Let w = -38 + 42. Calculate the remainder when (2280/(-75))/(w/(-10)) is divided by 13.
11
Suppose c = -c + 6. Suppose 0 = c*t + 1 - 25. What is the remainder when (-7191)/(-561) - 4/(-22) is divided by t?
5
Suppose x - 8 = o, 0 = -2*x - 0*x - 2*o + 28. Let i(v) = v**3 + 6*v**2 - 3*v + 3. What is the remainder when i(-5) is divided by (1 + 0)/(x/165)?
13
Let c(y) = -14*y**3 - y. Calculate the remainder when (45/60)/((-12)/(-688)) is divided by c(-1).
13
Let y = 237 - 229. What is the remainder when 13 is divided by y?
5
Let u(w) = -15 + 2*w + 6*w - 3*w. What is the remainder when u(7) is divided by 11?
9
What is the remainder when 355 + (-3 + -1 + 8)/2 is divided by 40?
37
Let n(h) = 2*h**2 - 22*h + 23. What is the remainder when 99 is divided by n(1)?
0
Let x = -9 + 34. Suppose -5*l + x = -0. Suppose 3*i - 353 - 4 = -l*s, -5*i = -5*s + 365. Calculate the remainder when s is divided by 25.
22
Suppose -10*l = 4*n - 13*l - 228, 114 = 2*n - 5*l. What is the remainder when 681 is divided by n?
54
Suppose -6*i = i. Suppose -21*d + 17*d + 64 = i. What is the remainder when d is divided by 12?
4
Suppose 0*g - 5*g = -215. Let y(v) = -2*v**2 - 19*v - 4. Let f be y(-7). Let k = f - 20. Calculate the remainder when g is divided by k.
10
Calculate the remainder when 33 is divided by -4 - (-2 + 2) - (-16 - -5).
5
Suppose -4*a = m - 16 + 3, 5*m - 5*a = 90. Let q = m + -13. Suppose 200 = 5*h - 5*d, 9*d - q*d = -h + 58. What is the remainder when h is divided by 15?
13
Suppose 0 = -4*x + 5*x. What is the remainder when 4/10 - (-726)/10 is divided by 20 + 1 + -2 + x?
16
Let c = 279 - 210. Calculate the remainder when c is divided by 24.
21
Suppose 4*x - 2*o - 100 = -7*o, 5*o - 130 = -5*x. Calculate the remainder when 598 is divided by x.
28
Suppose 2*u + i - 105 = -2*u, 0 = 5*u - 4*i - 126. Suppose 0*x + a + 10 = 4*x, 3*a + 6 = 4*x. Let z = 7 + x. Calculate the remainder when u is divided by z.
6
Suppose -3*l + 5 = 14, -t + 9 = -3*l. Suppose -4*w + 187 = 3*g, w + 4*w = 2*g - 94. Suppose -u - 2*u + g = t. What is the remainder when u is divided by 10?
9
Let n be (-14 + 7)*(-18)/21. Let w(a) = -a**3 + 7*a**2 - 3*a + 3. What is the remainder when n + -1 + (9 - -47) is divided by w(6)?
19
Let v be 3/((-10)/(-16) - 1). Let j(n) = -6*n - 21. Suppose -2*t = 2, f + 2*t - 3 = -0. Calculate the remainder when j(v) is divided by f.
2
Let w be (0/2)/(-4 - -3). Suppose w = -3*s + 463 + 116. Let q = -122 + s. Calculate the remainder when q is divided by 18.
17
Let p(o) be the first derivative of -o**4/4 + 32*o + 38. Let l be 3/3 - (2 - 1). Calculate the remainder when p(l) is divided by 17.
15
Suppose -13*b = -14*b + 10. What is the remainder when 53 is divided by b?
3
Let p(c) = -3*c + 53. What is the remainder when (6/(-8))/((-2)/72) is divided by p(13)?
13
Let b = 520 + -509. Calculate the remainder when b is divided by 7.
4
Calculate the remainder when ((-172)/8)/((-7)/84) is divided by 67.
57
Let v be 1059/5 + (-4)/(-20). Suppose -v = -5*x + x. What is the remainder when x is divided by 18?
17
Let t(q) = -q**2 - 11*q + 645. What is the remainder when 174 is divided by t(-31)?
24
Suppose -1087 - 959 = -66*m. What is the remainder when m is divided by 17?
14
Suppose -9 = -5*c + 3*o, 2*o = -o - 9. Suppose -5*d = -3*z + 47, 3*d + 0*d + 3 = c. Calculate the remainder when 68 is divided by z.
12
Let w = 88 - 67. Let h(b) = -7*b**3 - 1. Let o(a) = -a**3 - 7*a**2 + a + 6. Let d be o(-7). Calculate the remainder when w is divided by h(d).
3
Suppose 9*l + 420 = 2*l. Let d = l + 75. Calculate the remainder when 57 is divided by d.
12
Suppose 5*r + 140 - 120 = 0. Calculate the remainder when r/(-8)*0 - -35 is divided by 10.
5
Let m = -61 + 70. Calculate the remainder when 24 is divided by m.
6
Suppose 4*g + 49 = -3*k, 2*k + 14 + 8 = -2*g. Let z = 23 + g. Calculate the remainder when (-75)/(9/(-3)) - -1 is divided by z.
5
Suppose -46 = 2*m + 2*g - 486, 2*g + 1079 = 5*m. Calculate the remainder when m is divided by 76.
65
Let h = 25 - 26. Calculate the remainder when 682/14 + 2/7 is divided by (9 - h) + 15/5.
10
Let m(g) = -53*g - 1. What is the remainder when m(-1) is divided by (480/(-70))/(8/(-28)) + (10 - 3)?
21
Suppose 2*v - 228 = 10. Let c be -1*((-6)/2 - v). Calculate the remainder when c/8 + 6/8 is divided by 9.
7
Suppose 0 = -4*a + 3*a + 23. Let b = a - 22. What is the remainder when 3 is divided by b?
0
Suppose -5*j - 5*y + 540 = 0, -2*j - 2*y + y + 213 = 0. What is the remainder when j is divided by 55?
50
Let v(w) = 160*w - 78. What is the remainder when v(3) is divided by 31?
30
Suppose -76 = -14*y + 358. What is the remainder when y is divided by 21?
10
Suppose -3*o + 23 + 22 = 0. Suppose o = 5*k - 10. Suppose -26*h + 3 = -25*h. What is the remainder when k is divided by h?
2
Suppose 4*a = -2*m + 46, 3*a + 2*m = m + 37. Let f = a + -6. Suppose 0 = -b + 2*q - 0 + 33, -4*q = -3*b + 97. What is the remainder when b is divided by f?
7
Let a = 476 + -459. What is the remainder when 115 is divided by a?
13
Let i = -2 - 0. Let o = 15 + i. Calculate the remainder when o is divided by (-20)/5*(-35)/20.
6
Let k(r) = -r**3 + 7*r + 6. What is the remainder when k(-4) is divided by ((-192)/(-144))/((-1)/(-18))?
18
Let q(z) = 85*z - 40. Calculate the remainder when q(6) is divided by 79.
75
Let l(o) = -30*o + 415. Calculate the remainder when l(12) is divided by 48.
7
Let j(v) = 57*v + 527. Calculate the remainder when 559 is divided by j(-9).
13
Let i be (1/(-3))/((-17)/102). Suppose 3*t + i*t - 20 = 0. What is the remainder when 3/(-5 + t) - -17 is divided by 4?
2
Suppose 5*o - 65 = -4*r, 0 = 6*o + o - 35. Suppose 3*q = -2*q + 490. Calculate the remainder when q is divided by r.
8
What is the remainder when 129/(-301) + (-1389)/(-7) is divided by 25?
23
Let w = -3 + 11. Let r be (w/10)/((-10)/(-75)). What is the remainder when 27 is divided by (-4)/r + (-220)/(-15)?
13
Suppose 4*z - 106 = -5*w + 1, 0 = 2*w - 4*z - 26. Calculate the remainder when 244 is divided by w.
16
Suppose 9 = 3*n - 3, 5*n + 10 = 5*c. Suppose -q + 3 + c = 0. Calculate the remainder when 26 is divided by q.
8
Suppose 0 = u + 5*d - 103 + 7, -136 = -2*u + 4*d. Let b = u - 53. What is the remainder when 88 is divided by b?
19
Suppose v - 4 = -v, -12 = -2*t + 2*v. Let n(y) = -y**3 - 3*y**2 - 2*y + 2. Calculate the remainder when n(-3) is divided by (6/t)/(((-9)/(-3))/12).
2
Suppose 47*p - 46*p - 87 = 0. Calculate the remainder when p is divided by 29.
0
Let a(d) = -3*d**3 - 15*d**2 - 7*d - 5. Let n = 26 + -10. What is the remainder when a(-5) is divided by n?
14
Let a be (-270)/9*(-2)/(-2). Let k = a - -36. Let h(q) = q**3 - 7*q**2 + 9*q - 8. Calculate the remainder when 77 is divided by h(k).
7
Let q = 5 - 2. Let v(n) = n**2 - 7*n + 5. Let i be v(7). Suppose q = i*s + 18, 5*m - 46 = -3*s. What is the remainder when 21 is divided by m?
10
Let u = -2 + 170. Suppose -12*d - u = -15*d. Calculate the remainder when 111 is divided by d.
55
Suppose 25 = 5*q - 120. Let h = -21 + q. Suppose 0 = -3*c + 4*a + 21, 0 = 5*c + 25*a - 24*a - 12. What is the remainder when h is divided by c?
2
Let o(q) = 121*q**3 + 2*q**2 - 2*q + 1. What is the remainder when o(1) is divided by (-6)/4*(-192)/(-27)*-3?
26
Suppose -j + 74 = -5*x, -x + 5*j - 52 = -18. Let q = 17 + x. Suppose q*s + 19 = 79. Calculate the remainder when 79 is divided by s.
19
Let x(z) = z**3 + 12*z**2 + 3*z - 11. Calculate the remainder when 294 is divided by x(-11).
63
Let h = 25 + -11. Let o(n) = -6*n - 4. Let q(s) = -7*s - 3. Let t(z) = 4*o(z) - 3*q(z). What is the remainder when h is divided by t(-4)?
4
Suppose 3291 = 28*x - 8245. What is the remainder when x is divided by 52?
48
Let w be 3/((-36)/214) - 14/84. Let l(c) = 3*c - 9. Let 